{"id":293,"date":"2020-01-23T16:37:35","date_gmt":"2020-01-23T15:37:35","guid":{"rendered":"https:\/\/grupaed.uni-landau.de\/wildemann\/?page_id=293"},"modified":"2024-04-16T14:59:27","modified_gmt":"2024-04-16T12:59:27","slug":"sprachdiagnostik","status":"publish","type":"page","link":"https:\/\/grupaed.uni-landau.de\/lingo-und-parla\/unterrichtsmaterial\/sprachdiagnostik\/","title":{"rendered":"Sprachdiagnostik"},"content":{"rendered":"\n<div class=\"material_ansicht\"><div class=\"listing-item\"><a class=\"image\" href=\"https:\/\/grupaed.uni-landau.de\/lingo-und-parla\/material\/beobachtungsbogen-basisfaehigkeiten-am-schulanfang\/\"><img loading=\"lazy\" decoding=\"async\" width=\"150\" height=\"150\" src=\"https:\/\/grupaed.uni-landau.de\/lingo-und-parla\/wp-content\/uploads\/2020\/04\/binoculars-159363_1280-150x150.png\" class=\"attachment-thumbnail size-thumbnail wp-post-image\" alt=\"Fernglas\" \/><\/a> <a class=\"title\" href=\"https:\/\/grupaed.uni-landau.de\/lingo-und-parla\/material\/beobachtungsbogen-basisfaehigkeiten-am-schulanfang\/\">Beobachtungsbogen: Basisf\u00e4higkeiten am Schulanfang<\/a> <span class=\"excerpt-dash\">-<\/span> <span class=\"excerpt\">Der Beobachtungsbogen dient der Erfassung basaler F\u00e4higkeiten am Beginn von Klasse 1.<\/span><\/div><div class=\"listing-item\"><a class=\"image\" href=\"https:\/\/grupaed.uni-landau.de\/lingo-und-parla\/material\/so-schaetze-ich-mich-ein\/\"><img loading=\"lazy\" decoding=\"async\" width=\"150\" height=\"150\" src=\"https:\/\/grupaed.uni-landau.de\/lingo-und-parla\/wp-content\/uploads\/2020\/03\/leiter-150x150.png\" class=\"attachment-thumbnail size-thumbnail wp-post-image\" alt=\"Leiter\" \/><\/a> <a class=\"title\" href=\"https:\/\/grupaed.uni-landau.de\/lingo-und-parla\/material\/so-schaetze-ich-mich-ein\/\">So sch\u00e4tze ich mich ein<\/a> <span class=\"excerpt-dash\">-<\/span> <span class=\"excerpt\">Mit diesem Material k\u00f6nnen Sie sich mit ihren Sch\u00fclerinnen und Sch\u00fclen \u00fcber deren Leistungen in einem sprachlichen Bereich  austauschen. <\/span><\/div><div class=\"listing-item\"><a class=\"image\" href=\"https:\/\/grupaed.uni-landau.de\/lingo-und-parla\/material\/vorbereitung-der-sprachdiagnose\/\"><img loading=\"lazy\" decoding=\"async\" width=\"150\" height=\"150\" src=\"https:\/\/grupaed.uni-landau.de\/lingo-und-parla\/wp-content\/uploads\/2020\/03\/Sprachdiagnose-150x150.png\" class=\"attachment-thumbnail size-thumbnail wp-post-image\" alt=\"Sprachdiagnose\" \/><\/a> <a class=\"title\" href=\"https:\/\/grupaed.uni-landau.de\/lingo-und-parla\/material\/vorbereitung-der-sprachdiagnose\/\">Vorbereitung der Sprachdiagnose<\/a> <span class=\"excerpt-dash\">-<\/span> <span class=\"excerpt\">Anregungen, Tipps und Vorlagen f\u00fcr die Vorbereitung und Durchf\u00fchrung einer Sprachdiagnose.<\/span><\/div><\/div>\n","protected":false},"excerpt":{"rendered":"","protected":false},"author":2,"featured_media":0,"parent":274,"menu_order":0,"comment_status":"closed","ping_status":"closed","template":"template-right-sidebar.php","meta":{"footnotes":""},"class_list":["post-293","page","type-page","status-publish","hentry"],"_links":{"self":[{"href":"https:\/\/grupaed.uni-landau.de\/lingo-und-parla\/wp-json\/wp\/v2\/pages\/293","targetHints":{"allow":["GET"]}}],"collection":[{"href":"https:\/\/grupaed.uni-landau.de\/lingo-und-parla\/wp-json\/wp\/v2\/pages"}],"about":[{"href":"https:\/\/grupaed.uni-landau.de\/lingo-und-parla\/wp-json\/wp\/v2\/types\/page"}],"author":[{"embeddable":true,"href":"https:\/\/grupaed.uni-landau.de\/lingo-und-parla\/wp-json\/wp\/v2\/users\/2"}],"replies":[{"embeddable":true,"href":"https:\/\/grupaed.uni-landau.de\/lingo-und-parla\/wp-json\/wp\/v2\/comments?post=293"}],"version-history":[{"count":4,"href":"https:\/\/grupaed.uni-landau.de\/lingo-und-parla\/wp-json\/wp\/v2\/pages\/293\/revisions"}],"predecessor-version":[{"id":1413,"href":"https:\/\/grupaed.uni-landau.de\/lingo-und-parla\/wp-json\/wp\/v2\/pages\/293\/revisions\/1413"}],"up":[{"embeddable":true,"href":"https:\/\/grupaed.uni-landau.de\/lingo-und-parla\/wp-json\/wp\/v2\/pages\/274"}],"wp:attachment":[{"href":"https:\/\/grupaed.uni-landau.de\/lingo-und-parla\/wp-json\/wp\/v2\/media?parent=293"}],"curies":[{"name":"wp","href":"https:\/\/api.w.org\/{rel}","templated":true}]}}

<div class="material_ansicht"><div class="listing-item"><a class="image" href="https://grupaed.uni-landau.de/lingo-und-parla/material/beobachtungsbogen-basisfaehigkeiten-am-schulanfang/"><img loading="lazy" decoding="async" width="150" height="150" src="https://grupaed.uni-landau.de/lingo-und-parla/wp-content/uploads/2020/04/binoculars-159363_1280-150x150.png" class="attachment-thumbnail size-thumbnail wp-post-image" alt="Fernglas" /></a> <a class="title" href="https://grupaed.uni-landau.de/lingo-und-parla/material/beobachtungsbogen-basisfaehigkeiten-am-schulanfang/">Beobachtungsbogen: Basisfähigkeiten am Schulanfang</a> <span class="excerpt-dash">-</span> <span class="excerpt">Der Beobachtungsbogen dient der Erfassung basaler Fähigkeiten am Beginn von Klasse 1.</span></div><div class="listing-item"><a class="image" href="https://grupaed.uni-landau.de/lingo-und-parla/material/so-schaetze-ich-mich-ein/"><img loading="lazy" decoding="async" width="150" height="150" src="https://grupaed.uni-landau.de/lingo-und-parla/wp-content/uploads/2020/03/leiter-150x150.png" class="attachment-thumbnail size-thumbnail wp-post-image" alt="Leiter" /></a> <a class="title" href="https://grupaed.uni-landau.de/lingo-und-parla/material/so-schaetze-ich-mich-ein/">So schätze ich mich ein</a> <span class="excerpt-dash">-</span> <span class="excerpt">Mit diesem Material können Sie sich mit ihren Schülerinnen und Schülen über deren Leistungen in einem sprachlichen Bereich  austauschen. </span></div><div class="listing-item"><a class="image" href="https://grupaed.uni-landau.de/lingo-und-parla/material/vorbereitung-der-sprachdiagnose/"><img loading="lazy" decoding="async" width="150" height="150" src="https://grupaed.uni-landau.de/lingo-und-parla/wp-content/uploads/2020/03/Sprachdiagnose-150x150.png" class="attachment-thumbnail size-thumbnail wp-post-image" alt="Sprachdiagnose" /></a> <a class="title" href="https://grupaed.uni-landau.de/lingo-und-parla/material/vorbereitung-der-sprachdiagnose/">Vorbereitung der Sprachdiagnose</a> <span class="excerpt-dash">-</span> <span class="excerpt">Anregungen, Tipps und Vorlagen für die Vorbereitung und Durchführung einer Sprachdiagnose.</span></div></div>
